e
Is 56183 prime?
False
Is 71515 a composite number?
True
Is 8899 a composite number?
True
Is 65791 prime?
False
Is 4417 composite?
True
Is 48731 prime?
True
Is 516091 a prime number?
True
Is 1141913 a prime number?
False
Is 22739 a composite number?
False
Is 193147 composite?
False
Is 204987 prime?
False
Is 167285 prime?
False
Is 11851 prime?
False
Is 23185 a composite number?
True
Is 9677 prime?
True
Is 58573 composite?
False
Is 25561 a prime number?
True
Is 402631 a composite number?
False
Is 3299 prime?
True
Is 2359 composite?
True
Is 44629 prime?
False
Is 19319 composite?
False
Is 90901 a composite number?
False
Is 230209 prime?
False
Is 1433081 prime?
False
Is 1847 composite?
False
Is 7177 prime?
True
Is 38497 a prime number?
False
Is 473621 a composite number?
True
Is 2710187 a composite number?
False
Is 729493 composite?
False
Is 990191 a composite number?
True
Is 104869 composite?
False
Is 44329 a prime number?
False
Is 1217 a prime number?
True
Is 29647 a prime number?
False
Is 119311 a composite number?
False
Is 2430581 a composite number?
False
Is 213 a composite number?
True
Is 163973 a prime number?
True
Is 553433 a composite number?
False
Is 386063 a composite number?
True
Is 45481 a prime number?
True
Is 179147 a prime number?
False
Is 556211 a composite number?
False
Is 453563 prime?
False
Is 297907 composite?
False
Is 11239 a composite number?
False
Is 38993 a composite number?
False
Is 53771 a composite number?
True
Is 23297 prime?
True
Is 251 a composite number?
False
Is 443867 composite?
False
Is 1482763 a composite number?
False
Is 597 prime?
False
Is 313423 a composite number?
True
Is 45515 a composite number?
True
Is 1847 composite?
False
Is 521 composite?
False
Is 170911 a prime number?
False
Is 7283 prime?
True
Is 26997 prime?
False
Is 6297 composite?
True
Is 128329 prime?
False
Is 3643 a composite number?
False
Is 603349 a prime number?
True
Is 4939 a composite number?
True
Is 33058 prime?
False
Is 213635 a composite number?
True
Is 401161 a prime number?
True
Is 2671 a composite number?
False
Is 97894 a prime number?
False
Is 102671 prime?
False
Is 651839 prime?
True
Is 3649 composite?
True
Is 14597 a composite number?
True
Is 1186931 a composite number?
False
Is 12346 composite?
True
Is 75409 composite?
True
Is 7801 a prime number?
False
Is 11138 prime?
False
Is 8893 composite?
False
Is 6121 a composite number?
False
Is 613 a composite number?
False
Is 13891 a prime number?
False
Is 9094 a composite number?
True
Is 1176023 prime?
True
Is 79111 a composite number?
False
Is 1979533 prime?
False
Is 1383943 a composite number?
True
Is 28277 composite?
False
Is 82927 composite?
True
Is 2121215 prime?
False
Is 4621 a prime number?
True
Is 862 a composite number?
True
Is 251 a composite number?
False
Is 1360891 a composite number?
True
Is 234021 prime?
False
Is 908441 a composite number?
False
Is 551 a prime number?
False
Is 36103 prime?
False
Is 958667 a prime number?
True
Is 675643 prime?
True
Is 4111 a composite number?
False
Is 1405069 composite?
True
Is 18397 a prime number?
True
Is 67289 composite?
False
Is 287537 composite?
False
Is 29059 a prime number?
True
Is 28929 a prime number?
False
Is 19835 a prime number?
False
Is 317321 prime?
True
Is 128021 a composite number?
False
Is 6449 a composite number?
False
Is 434633 a prime number?
False
Is 9817 a prime number?
True
Is 21911 a composite number?
False
Is 8857 prime?
False
Is 88057 prime?
False
Is 1901 a prime number?
True
Is 187377 a composite number?
True
Is 4661 a composite number?
True
Is 8039 composite?
False
Is 1136183 a prime number?
True
Is 486073 prime?
False
Is 6737 a composite number?
False
Is 175657 a prime number?
False
Is 5017 prime?
False
Is 836341 a composite number?
True
Is 124067 prime?
True
Is 1464469 a composite number?
True
Is 123887 a prime number?
True
Is 408403 a prime number?
True
Is 43939 a prime number?
False
Is 869089 prime?
False
Is 27667 prime?
False
Is 721339 composite?
True
Is 6502 a prime number?
False
Is 3407 composite?
False
Is 11771 composite?
True
Is 2889269 composite?
True
Is 7597 a composite number?
True
Is 98907 composite?
True
Is 30209 composite?
True
Is 24502 a composite number?
True
Is 78697 a prime number?
True
Is 11617 composite?
False
Is 29163 prime?
False
Is 583 a composite number?
True
Is 18539 composite?
False
Is 75847 composite?
True
Is 9649 composite?
False
Is 41579 a prime number?
True
Is 12869 composite?
True
Is 35151 a composite number?
True
Is 2813 prime?
False
Is 2288323 a prime number?
True
Is 853 prime?
True
Is 107833 prime?
False
Is 279665 a prime number?
False
Is 22247 composite?
False
Is 62981 a composite number?
False
Is 153247 a composite number?
False
Is 56681 prime?
True
Is 6841 prime?
True
Is 134677 a composite number?
False
Is 180617 a composite number?
False
Is 977609 a composite number?
False
Is 294839 a composite number?
True
Is 15069 composite?
True
Is 280397 a prime number?
False
Is 3821 a composite number?
False
Is 394787 composite?
False
Is 39439 a composite number?
False
Is 3062291 composite?
False
Is 83383 a composite number?
False
Is 1969 a composite number?
True
Is 14667 a composite number?
True
Is 39218 a prime number?
False
Is 325183 a prime number?
False
Is 281227 prime?
True
Is 63647 a composite number?
False
Is 46133 a composite number?
False
Is 66379 composite?
True
Is 417217 composite?
False
Is 38903 composite?
False
Is 77611 a composite number?
False
Is 95083 a composite number?
False
Is 51749 a composite number?
False
Is 1589 composite?
True
Is 44947 a prime number?
False
Is 150701 composite?
True
Is 17623 a prime number?
True
Is 28319 composite?
False
Is 20563 a prime number?
True
Is 500459 prime?
True
Is 12193 composite?
True
Is 108739 prime?
True
Is 61781 a prime number?
True
Is 1439 a prime number?
True
Is 58294 composite?
True
Is 67385 a composite number?
True
Is 11707 a prime number?
False
Is 4882 prime?
False
Is 263513 prime?
True
Is 14137 a prime number?
False
Is 665101 a composite number?
True
Is 27385 composite?
True
Is 1561 a prime number?
False
Is 4369 a prime number?
False
Is 8779 a composite number?
False
Is 11303 composite?
True
Is 273857 a composite number?
False
Is 2058743 composite?
True
Is 36029 composite?
True
Is 51823 a composite number?
True
Is 25931 composite?
False
Is 1657 prime?
True
Is 21727 prime?
True
Is 71837 a composite number?
False
Is 273697 a composite number?
False
Is 17059 a prime number?
False
Is 49879 composite?
True
Is 150619 composite?
True
Is 18461 prime?
True
Is 25882 a composite number?
True
Is 2699 prime?
True
Is 13777 prime?
False
Is 10813 a prime number?
False
Is 9551 a composite number?
False
Is 2349497 prime?
True
Is 84857 a composite number?
False
Is 1973567 a composite number?
False
Is 32101 a composite number?
True
Is 467867 a composite number?
False
Is 64445 a composite number?
True
Is 2831407 composite?
False
Is 43151 composite?
False
Is 3761 a composite number?
False
Is 485195 a composite number?
True
Is 173207 a prime number?
True
Is 77899 composite?
False
Is 367597 a composite number?
False
Is 6623 composite?
True
Is 44351 composite?
False
Is 17077 prime?
True
Is 6947 prime?
True
Is 13193 prime?
False
Is 661603 prime?
True
Is 145679 composite?
False
Is 45701 composite?
True
Is 11467 a composite number?
False
Is 17522 a prime number?
False
Is 265859 composite?
True
Is 1234001 prime?
True
Is 622805 prime?
False
Is 48071 a composite number?
True
Is 4481 prime?
True
Is 53657 a prime number?
True
Is 147283 prime?
True
Is 111767 prime?
True
Is 48553 a composite number?
True
Is 400559 a composite number?
False
Is 78271 a composite number?
True
Is 747347 composite?
True
Is 86743 composite?
False
Is 83155 composite?
True
Is 7901 a composite number?
False
Is 251041 a composite number?
True
Is 1366171 a composite number?
True
Is 1361 prime?
True
Is 217969 a composite number?
False
Is 6599 a composite number?
False
Is 4241 a prime number?
True
Is 1315033 a composite number?
True
Is 62993 a prime number?
False
Is 175673 composite?
False
Is 24659 a prime number?
True
Is 6947 a composite number?
False
Is 31379 composite?
False
Is 19661 a prime number?
True
Is 7463 a composite number?
True
Is 34214 composite?
True
Is 43669 composite?
